4))?
False
Suppose 0 = -19*o + 10*o + 60552. Is 8 a factor of o?
True
Suppose 640995 = 20*i + 81995. Is 50 a factor of i?
True
Suppose 0 = -5*n - o - 397, 0 = -n + 11*o - 9*o - 86. Suppose -5*i - 88 - 52 = -5*x, 44 = -i - 3*x. Let m = i - n. Is m a multiple of 24?
True
Suppose 4*w - 519 - 597 = 0. Suppose w + 201 = 10*l. Does 24 divide l?
True
Is 37 a factor of (112/(-10) - -1)*10/4*-296?
True
Is (-1 - 18/(-18))*(-2)/(-6) - -1827 a multiple of 7?
True
Let v(q) = q**3 - 114*q**2 + 135*q - 1182. Is 59 a factor of v(113)?
False
Suppose 30*i + 26 = 4*i. Does 2 divide (-1)/5*5 - (i + -99)?
False
Let o(k) = -k**3 + 18*k**2 + 15*k + 1. Let a be o(16). Suppose -f + a = 2*j, 0 = 2*f + f + 3. Does 13 divide j?
True
Let s be -10 + (-64 - 19) - 5. Let x be (-197 + 0)/(1*-1). Let h = s + x. Is h a multiple of 21?
False
Let g(y) = -23*y - 13*y + 42*y + y**2 - 21*y. Does 2 divide g(16)?
True
Let o(m) = 4*m**2 - 10*m + 49. Let k be o(9). Let z = k - 145. Does 25 divide z?
False
Suppose -q = -2*i + 10, -3*q = 5*i - 3*i - 18. Suppose i = -3*h + 4*h. Is h*(11 - (3 + 0)) a multiple of 8?
True
Let d = 1015 - 1011. Suppose 3*l + 1321 = d*b, 6*b + 664 = 8*b + 2*l. Does 7 divide b?
False
Let i(p) = 4*p**3 - 3*p**2 - 11*p - 3. Let d be i(-3). Let r(g) = -g + 10. Let k be r(7). Is 30 a factor of (4 + -7)/(k/d)?
False
Let s be 52/18 - 2/(-18). Suppose 3*q - 1799 = -m, -5*q + 6*m = s*m - 2989. Is 14 a factor of q?
False
Is (10 - 3) + 16180 + 300 a multiple of 11?
False
Let g(b) = -14 + 42*b - 4 + 0 + 99*b. Is g(2) a multiple of 9?
False
Let y(a) = a**2 + 2*a + 48. Let c be y(0). Let m be (4 - 1 - 5) + c. Let x = -14 + m. Does 8 divide x?
True
Let z(h) = 12*h**2 - 52*h - 22. Is z(20) a multiple of 76?
False
Let x be -5*1*(-14)/70*2. Suppose 426 = 2*w + 2*g, -x*w + g + 0*g = -435. Is 54 a factor of w?
True
Let i(g) = 8*g - 20. Let y(v) = v**3 + 2*v**2 - 4*v + 3. Let n be y(2). Let x be i(n). Let m = x - -25. Does 15 divide m?
False
Suppose -4*p + 3*x = -14367, -2663 = -4*p + 4*x + 11701. Does 3 divide p?
True
Let a(i) = -6*i**3 + 6*i**2 + 11*i + 2. Let b = 440 - 443. Is a(b) a multiple of 6?
False
Let j(p) = -34*p + 172. Let i be j(5). Is (1536/(-40))/(i/(-5)) a multiple of 4?
True
Let j(t) = 493*t**3 - 4*t**2 - 33*t + 58. Does 40 divide j(2)?
True
Let x(j) = j - 27. Let b be x(10). Let n be b/(-5) - 10/25. Suppose 263 - 74 = n*w. Is w a multiple of 21?
True
Let l(u) = u**2 - 4*u + 1. Let p be l(5). Let k be ((p - 3) + 7)/2. Suppose -4*s - s + 25 = 0, -125 = -k*g - 4*s. Does 9 divide g?
False
Let c be 7/((-105)/(-10))*(-579)/(-2). Let a = -154 + c. Is a a multiple of 23?
False
Let d = 26 - 21. Let r = -2 + d. Suppose 3*p + 2*x - 350 = 0, -2*p = -4*p + r*x + 216. Does 19 divide p?
True
Suppose -207*u - 3*a = -206*u - 17293, -3*a + 34583 = 2*u. Is u a multiple of 133?
True
Suppose 2*p = 3*k + 37, k = 5*k - 4. Suppose -2*i = p - 92. Suppose r - 3*c - 54 = 0, -3*c + i = 2*r - 108. Is 14 a factor of r?
False
Suppose 11*p - 13*p + 224 = 0. Suppose 7*b - 994 = p. Is 6 a factor of b?
False
Let i be 0/(0 - (-1)/1). Suppose s - 2*s + 30 = y, i = 4*y + s - 126. Suppose 23*w + y = 27*w. Does 3 divide w?
False
Let x = 81178 + -33118. Is 89 a factor of x?
True
Let b(t) = 52*t**3 - 7*t - 18. Let q be b(-2). Let c = 487 + q. Does 18 divide c?
False
Does 16 divide ((-34)/2 - -31) + 114?
True
Let j = 63529 + -43722. Suppose -j = -19*o + 2575. Is o a multiple of 38?
True
Suppose 3*l - 4*l = a + 573, -3*l + 3*a = 1725. Let b = -230 - l. Is 41 a factor of b?
False
Suppose 4*t + 13814 = f + 74733, f + 45689 = 3*t. Is t a multiple of 10?
True
Let s be 2 - (4 + 0)*339/6. Let k = -110 - s. Let r = k - 8. Does 14 divide r?
False
Let g(v) = -20*v - 57. Suppose -6*c + 2*s = -2*c + 54, 4*c = -3*s - 59. Does 38 divide g(c)?
False
Let t(y) = -15*y**3 + 8*y**2 + 2*y + 18. Let o be t(-6). Suppose -3*f = -o + 300. Does 77 divide f?
True
Suppose 10*b - 7*b - 87 = 0. Suppose 3*o = 13 + b. Is ((-4)/o - (-4518)/(-63))/(-1) a multiple of 12?
True
Is (-12)/(-10) + -1 - (221420/(-25) + 23) a multiple of 14?
True
Let y = 26647 - -15382. Is 61 a factor of y?
True
Let b = 11600 - 2855. Is 159 a factor of b?
True
Let w be (30/(0 - 6))/(2/114). Let n = w - -474. Let c = 274 - n. Is c a multiple of 17?
True
Suppose 2*x = 5*o - 5 + 22, 3*x = -5*o - 37. Let u be -6*x/6 - 2 - -58. Suppose 2*m + 5*v - u = 79, 0 = 4*m - 4*v - 292. Is 24 a factor of m?
True
Suppose -13*p = -9*p + 4*f - 9808, -4*p = 2*f - 9804. Suppose -p = -98*n + 84*n. Is n a multiple of 5?
True
Does 8 divide (6 - -187)*(6 - (-5 + -2))?
False
Let l = 24832 - 5736. Does 170 divide l?
False
Suppose -203*b + 601083 = -154*b. Is b a multiple of 29?
True
Suppose 0*y - 2*s + 271 = 5*y, 5*y = 4*s + 253. Let z = 79 - y. Let n = z + 18. Is n a multiple of 3?
False
Let b(r) = 3*r**3 + 5 - 2*r**3 + 8 + r**2. Suppose 0 = 29*m - 28*m. Is 5 a factor of b(m)?
False
Let n(j) = j**3 - 4*j**2 - 4*j - 3. Let s be n(5). Let p be (-146)/(-6) + ((-2)/3)/s. Let z = -5 + p. Does 4 divide z?
False
Suppose 82826 = -18*p + 99674. Does 52 divide p?
True
Suppose 7*n - 1 = -15, 4*y + 2*n + 20 = 0. Let h(x) be the first derivative of -13*x**2/2 - 3*x - 2. Is h(y) a multiple of 14?
False
Let i be (2/5)/((-1)/(-10)). Let k(z) = -z**2 + 12*z + 1. Let c be k(i). Suppose 4*m - c = 443. Does 17 divide m?
True
Let l(o) = -o**3 - 6*o**2 + 10*o + 21. Let s = -153 + 145. Does 19 divide l(s)?
False
Suppose 2*f + 5 = 9. Suppose 5*t + 813 = 4*y + 8*t, 3*y - f*t - 614 = 0. Does 17 divide y?
True
Suppose -3*p + 8 = p. Suppose d + 3*d + t - 9 = 0, -p*d - 23 = -5*t. Is (-24)/(-12) + (111 - d) + -2 a multiple of 10?
True
Suppose 25*a - 157094 + 31004 - 761210 = 0. Does 64 divide a?
False
Let m(k) = -60*k - 37*k - 112*k + 1. Is 35 a factor of m(-1)?
True
Is 106 a factor of (-83252)/(-65)*(-10)/(-4)?
False
Let b(o) = 12*o**3 + 7*o**2 - 10*o - 1. Suppose 11*r = 12 + 21. Let q be b(r). Suppose i = -3*j - 2*j + q, 0 = j + 5*i - 52. Does 18 divide j?
True
Let l be (-4)/7 - (-60)/7. Let t(o) = -o**3 + 7*o**2 + 11*o - 20. Let q be t(l). Suppose -3*x + 6*x - q*s - 75 = 0, 0 = -5*x - s + 148. Is x a multiple of 12?
False
Let y = -2341 + 10066. Does 4 divide y?
False
Suppose 0 = -498*k + 499*k - 2300. Suppose 46*l = 69*l - k. Is l a multiple of 5?
True
Suppose 20*b - 12 = 68. Suppose -b*o + 843 = -165. Is 6 a factor of o?
True
Does 15 divide 510125/100 - (-3)/(-12)*-3?
False
Let s be 9480/93 - (-40)/620. Let j be -5*(-5 + 4 - 0). Suppose -d = 3, y - 467 + s = j*d. Does 35 divide y?
True
Suppose -3*a = -u + 1518, 4*a + 1522 = 2*u - u. Suppose 0 = -3*q - 222 + u. Is q a multiple of 11?
False
Suppose 41*h + 0*h - 6335 - 49630 = 0. Does 15 divide h?
True
Let g be (-20)/7*((-1896)/16 + -25). Let t = 1 + 2. Suppose t*r + c - 589 = 0, 2*r - c + 24 = g. Is r a multiple of 13?
True
Suppose 2*p - 201 - 413 = -2*h, 0 = -p - 2*h + 301. Is p a multiple of 3?
False
Suppose -4*y - 4*b = -3828, 4*y + 89*b = 84*b + 3827. Is 26 a factor of y?
False
Let i(v) = 702*v + 2178. Is 72 a factor of i(41)?
True
Suppose 4*p - 77 - 135 = -4*o, -3*o + 124 = -4*p. Is 64 a factor of o/(-5)*(-21560)/294?
True
Let k = 503 - -109. Is k a multiple of 34?
True
Suppose -3*n + 9 = 0, 3951 = 3*c - 2*n + 5*n. Is c/(-8)*204/(-153) a multiple of 7?
False
Suppose -12*t + 16*t - 15 = o, -3*o + 5 = -2*t. Suppose 3*n - 658 = 2*r + 349, 0 = -4*n - o*r + 1335. Is n a multiple of 18?
False
Suppose 13*p + 17 = 14*p. Suppose -p*b + 1725 = -4905. Does 13 divide b?
True
Let k(m) = -m**3 - 4*m. Let j be k(-3). Let s be 13/(j/(-36)) - -3. Is 15 a factor of s + 45 + (3 - -1)?
False
Let c = 91 - 152. Suppose -528 = 61*x - 83*x. Is x/(-8) - (c - -1*2) a multiple of 14?
True
Let b(o) = -9*o - 4. Let l = -24 + -7. Let v = 19 + l. Is 21 a factor of b(v)?
False
Let x(j) = -84*j + 83. Let a(i) = 86*i - 82. Let w(l) = -5*a(l) - 4*x(l). Is 62 a factor of w(-7)?
False
Let u(w) = 11*w**2 + 23*w + 472. Is u(-16) a multiple of 8?
True
Suppose -45 = -4*q - q. Suppose -q*d + 5*d - 32 = 0. Is 8 a factor of (d/(-12))/((-179)/90 - -2)?
False
Let v(z) = 30*z**2 + 49*z - 157. Is v(-17) a multiple of 13?
False
Suppose -140*c + 4770500 = 63*c. Is c a multiple of 50?
True
Suppose k - 6*z - 29550 = 0, 29559 = 39*k - 38*k - 3*z. Is k a multiple of 21?
True
Suppose 2*t - 15796 = -4*l, 4*l - 1